{"id":681,"date":"2022-03-02T10:35:11","date_gmt":"2022-03-02T09:35:11","guid":{"rendered":"http:\/\/sigma.genegis.it\/portal\/?page_id=681"},"modified":"2025-09-22T15:50:08","modified_gmt":"2025-09-22T13:50:08","slug":"681-2","status":"publish","type":"page","link":"https:\/\/sigma.distrettoalpiorientali.it\/portal\/","title":{"rendered":"Home"},"content":{"rendered":"\n\n<h4>\n\t\t\t\t\t\t\t\t\tSIGMA\n\t\t\t\t\t\t\t\t\t\t\t\t\t\t\t\t\t<\/h4>\n\t\t\t\t\t\t\t\t\t\t<h4>Sistema Informativo per la Gestione ed il Monitoraggio delle informazioni e dei procedimenti Ambientali della Direttiva Alluvioni<\/h4>\t\t\t\t\t\t\t\t\t\n\t\t\t\t\t\t\t\t<h4>\n\t\t\t\t\t\t\t\t\tSIGMA\n\t\t\t\t\t\t\t\t\t\t\t\t\t\t\t\t\t<\/h4>\n\t\t\t\t\t\t\t\t\t\t<h4>Sistema Informativo per la Gestione ed il Monitoraggio delle informazioni e dei procedimenti Ambientali della Direttiva Alluvioni<\/h4>\t\t\t\t\t\t\t\t\t\n\t\t\t\t\t\t\t\t\n\t\t\t<h2>\n\t\tNovit\u00e0\n\t<\/h2>\n\t\t\t\t\t\t\t\n        <section class=\"mt-4 mb-3 image-content italiawp2-img alignnone\">\n            <figure class=\"m-0 p-3 u-background-grey-60\">\n                <img src=\"https:\/\/sigma.distrettoalpiorientali.it\/portal\/wp-content\/uploads\/2022\/03\/HEROlite-300x188.jpg\" class=\"u-sizeFull\" alt=\"\">\n                <figcaption>\n                    <p>Home<\/p><p class=\"u-color-white\"><\/p>\n                <\/figcaption>\n            <\/figure><\/section>                            \n                                        <h1><a href=\"https:\/\/sigma.distrettoalpiorientali.it\/portal\/index.php\/2024\/12\/13\/herolite_download\/\" title=\"Herolite\">Herolite<\/a>\n                                    <\/h1>\n\t\t\t\t\t\t\t\t\t<ul><li>13 Dicembre 2024| <\/li><\/ul>                                \n\t\t\t\t\t\t\t\t\t<p>Disponibili per il download gli ambienti Herolite Non \u00e8 pi\u00f9 necessario effettuare la richiesta di ambiente Herolite tramite il portale.<\/p>\n    <a href=\"https:\/\/sigma.distrettoalpiorientali.it\/portal\/index.php\/2024\/12\/13\/herolite_download\/\" target=\"_self\">\n\t\t\t\t        Leggi tutto\n\t\t    <\/a>\n\t\t\t\t\t\t\t\n        <section class=\"mt-4 mb-3 image-content italiawp2-img alignnone\">\n            <figure class=\"m-0 p-3 u-background-grey-60\">\n                <img src=\"https:\/\/sigma.distrettoalpiorientali.it\/portal\/wp-content\/uploads\/2022\/07\/logo-short-300x172.png\" class=\"u-sizeFull\" alt=\"\">\n                <figcaption>\n                    <p>Home<\/p><p class=\"u-color-white\"><\/p>\n                <\/figcaption>\n            <\/figure><\/section>                            \n                                        <h1><a href=\"https:\/\/sigma.distrettoalpiorientali.it\/portal\/index.php\/2024\/06\/12\/osservatorio-dei-cittadini-in-festa-a-vicenza\/\" title=\"Osservatorio dei Cittadini in festa a Vicenza\">Osservatorio dei Cittadini in festa a Vicenza<\/a>\n                                    <\/h1>\n\t\t\t\t\t\t\t\t\t<ul><li>12 Giugno 2024| <\/li><\/ul>                                \n\t\t\t\t\t\t\t\t\t<p>Il 15 giugno in piazza Matteotti a Vicenza stand e attivit\u00e0 con le famiglie per conoscere CoApp Adulti e bambini, sabato 15 giugno all'evento \"Osservatorio dei cittadini in festa\", potranno imparare insieme a collaborare attivamente per migliorare la prevenzione dei rischi alluvionali ed essere pronti ad affrontare eventuali calamit\u00e0 naturali.<\/p>\n    <a href=\"https:\/\/sigma.distrettoalpiorientali.it\/portal\/index.php\/2024\/06\/12\/osservatorio-dei-cittadini-in-festa-a-vicenza\/\" target=\"_self\">\n\t\t\t\t        Leggi tutto\n\t\t    <\/a>\n\t\t\t\t\t\t\t\n        <section class=\"mt-4 mb-3 image-content italiawp2-img alignnone\">\n            <figure class=\"m-0 p-3 u-background-grey-60\">\n                <img src=\"https:\/\/sigma.distrettoalpiorientali.it\/portal\/wp-content\/uploads\/2022\/07\/logo-short-300x172.png\" class=\"u-sizeFull\" alt=\"\">\n                <figcaption>\n                    <p>Home<\/p><p class=\"u-color-white\"><\/p>\n                <\/figcaption>\n            <\/figure><\/section>                            \n                                        <h1><a href=\"https:\/\/sigma.distrettoalpiorientali.it\/portal\/index.php\/2023\/10\/24\/osservatorio-dei-cittadini-in-festa-a-este\/\" title=\"Osservatorio dei Cittadini in festa a ESTE\">Osservatorio dei Cittadini in festa a ESTE<\/a>\n                                    <\/h1>\n\t\t\t\t\t\t\t\t\t<ul><li>24 Ottobre 2023| <\/li><\/ul>                                \n\t\t\t\t\t\t\t\t\t<p>Anche la Citt\u00e0 di Este si \u00e8 dedicata con impegno all'attuazione della misura non strutturale \"Osservatorio dei Cittadini sulle piene\" e sabato 28 Ottobre si svolgeranno le attivit\u00e0 di coinvolgimento della cittadinanza! &nbsp; \u00abL'Osservatorio dei Cittadini sulle piene vuole essere un luogo virtuale di dialogo e scambio di informazioni tra le amministrazioni e i cittadini, creando un canale bidirezionale di comunicazione.<\/p>\n    <a href=\"https:\/\/sigma.distrettoalpiorientali.it\/portal\/index.php\/2023\/10\/24\/osservatorio-dei-cittadini-in-festa-a-este\/\" target=\"_self\">\n\t\t\t\t        Leggi tutto\n\t\t    <\/a>\n\t\t\t\t\t\t\t\n        <section class=\"mt-4 mb-3 image-content italiawp2-img alignnone\">\n            <figure class=\"m-0 p-3 u-background-grey-60\">\n                <img src=\"https:\/\/sigma.distrettoalpiorientali.it\/portal\/wp-content\/uploads\/2022\/07\/logo-short-300x172.png\" class=\"u-sizeFull\" alt=\"\">\n                <figcaption>\n                    <p>Home<\/p><p class=\"u-color-white\"><\/p>\n                <\/figcaption>\n            <\/figure><\/section>                            \n                                        <h1><a href=\"https:\/\/sigma.distrettoalpiorientali.it\/portal\/index.php\/2023\/09\/20\/osservatorio-dei-cittadini-in-festa\/\" title=\"Osservatorio dei cittadini in festa a Padova\">Osservatorio dei cittadini in festa a Padova<\/a>\n                                    <\/h1>\n\t\t\t\t\t\t\t\t\t<ul><li>20 Settembre 2023| <\/li><\/ul>                                \n\t\t\t\t\t\t\t\t\t<p>Sabato 30 settembre ha luogo a Padova&nbsp;\"Osservatorio dei cittadini in festa\", un evento di piazza che coinvolge istituzioni, scuole, famiglie, adulti e ragazzi,&nbsp;tutti uniti per collaborare attivamente a migliorare la gestione dei rischi alluvionali.<\/p>\n    <a href=\"https:\/\/sigma.distrettoalpiorientali.it\/portal\/index.php\/2023\/09\/20\/osservatorio-dei-cittadini-in-festa\/\" target=\"_self\">\n\t\t\t\t        Leggi tutto\n\t\t    <\/a>\n    <a href=\"index.php\/novita\" target=\"_self\">\n\t\t\t\t        Tutte le novit\u00e0...\n\t\t    <\/a>\n<h2>\n\t\tServizi\n\t<\/h2>\n\t\t\t\t\t\t                        <a href=\"https:\/\/sigma.distrettoalpiorientali.it\/portal\/index.php\/cartografie\/\" target=\"_self\" title=\"Portale cartografico\">\n\t\t\t\t\t\t\t\t\t\t\t\t\t\t                                \n        <section class=\"mt-4 mb-3 image-content italiawp2-img alignnone\">\n            <figure class=\"m-0 p-3 u-background-grey-60\">\n                <img src=\"http:\/\/sigma.distrettoalpiorientali.it\/portal\/wp-content\/uploads\/2022\/03\/cartografie.png\" class=\"u-sizeFull\" alt=\"\">\n                <figcaption>\n                    <p>cartografie<\/p>\n                <\/figcaption>\n            <\/figure><\/section>\n                                <h4>\n\t\t\t\t\t\t\t\t\tPortale cartografico\t\t                        <\/h4>\n\t\t\t\t\t\t\t\t\t\t                        <\/a>\n\t\t\t\t\t\t                        <a href=\"https:\/\/sigma.distrettoalpiorientali.it\/portal\/index.php\/servizi\/dati-terr\/\" target=\"_self\" title=\"Dati territoriali\">\n\t\t\t\t\t\t\t\t\t\t\t\t\t\t                                \n        <section class=\"mt-4 mb-3 image-content italiawp2-img alignnone\">\n            <figure class=\"m-0 p-3 u-background-grey-60\">\n                <img src=\"http:\/\/sigma.distrettoalpiorientali.it\/portal\/wp-content\/uploads\/2022\/03\/dati.jpg\" class=\"u-sizeFull\" alt=\"\">\n                <figcaption>\n                    <p>dati<\/p>\n                <\/figcaption>\n            <\/figure><\/section>\n                                <h4>\n\t\t\t\t\t\t\t\t\tDati territoriali\t\t                        <\/h4>\n\t\t\t\t\t\t\t\t\t\t                        <\/a>\n\t\t\t\t\t\t                        <a href=\"https:\/\/sigma.distrettoalpiorientali.it\/portal\/index.php\/servizi\/applicativi\/\" target=\"_self\" title=\"Applicativi\">\n\t\t\t\t\t\t\t\t\t\t\t\t\t\t                                \n        <section class=\"mt-4 mb-3 image-content italiawp2-img alignnone\">\n            <figure class=\"m-0 p-3 u-background-grey-60\">\n                <img src=\"http:\/\/sigma.distrettoalpiorientali.it\/portal\/wp-content\/uploads\/2022\/03\/applicativi-2.jpg\" class=\"u-sizeFull\" alt=\"\">\n                <figcaption>\n                    <p>applicativi<\/p>\n                <\/figcaption>\n            <\/figure><\/section>\n                                <h4>\n\t\t\t\t\t\t\t\t\tApplicativi\t\t                        <\/h4>\n\t\t\t\t\t\t\t\t\t\t                        <\/a>\n\t\t\t\t\t\t                        <a href=\"https:\/\/sigma.distrettoalpiorientali.it\/sigma\/pratiche\/praticheUtente\" target=\"_self\" title=\"Invio Pratiche\">\n\t\t\t\t\t\t\t\t\t\t\t\t\t\t                                \n        <section class=\"mt-4 mb-3 image-content italiawp2-img alignnone\">\n            <figure class=\"m-0 p-3 u-background-grey-60\">\n                <img src=\"http:\/\/sigma.distrettoalpiorientali.it\/portal\/wp-content\/uploads\/2022\/03\/pratiche.jpg\" class=\"u-sizeFull\" alt=\"\">\n                <figcaption>\n                    <p>pratiche<\/p>\n                <\/figcaption>\n            <\/figure><\/section>\n                                <h4>\n\t\t\t\t\t\t\t\t\tInvio Pratiche\t\t                        <\/h4>\n\t\t\t\t\t\t\t\t\t\t                        <\/a>\n\t\t\t\t\t\t                        <a href=\"https:\/\/sigma.distrettoalpiorientali.it\/portal\/index.php\/servizi\/formazione-convegni\/\" target=\"_self\" title=\"Formazione e convegni\">\n\t\t\t\t\t\t\t\t\t\t\t\t\t\t                                \n        <section class=\"mt-4 mb-3 image-content italiawp2-img alignnone\">\n            <figure class=\"m-0 p-3 u-background-grey-60\">\n                <img src=\"http:\/\/sigma.distrettoalpiorientali.it\/portal\/wp-content\/uploads\/2022\/03\/formazione.jpg\" class=\"u-sizeFull\" alt=\"\">\n                <figcaption>\n                    <p>formazione<\/p>\n                <\/figcaption>\n            <\/figure><\/section>\n                                <h4>\n\t\t\t\t\t\t\t\t\tFormazione e convegni\t\t                        <\/h4>\n\t\t\t\t\t\t\t\t\t\t                        <\/a>\n\t\t\t\t        \n    \n\n<h2>\n\t\tPortali tematici\n\t<\/h2>\n\t\t\t\t\t\t                        <a href=\"https:\/\/sigma.distrettoalpiorientali.it\/portal\/index.php\/europrogettazione-2\/\" target=\"_self\" title=\"Europrogettazione\">\n\t\t\t\t\t\t\t\t\t\t\t\t\t\t                                \n        <section class=\"mt-4 mb-3 image-content italiawp2-img alignnone\">\n            <figure class=\"m-0 p-3 u-background-grey-60\">\n                <img src=\"http:\/\/sigma.distrettoalpiorientali.it\/portal\/wp-content\/uploads\/2022\/03\/europrogetti.jpg\" class=\"u-sizeFull\" alt=\"\">\n                <figcaption>\n                    <p>europrogetti<\/p>\n                <\/figcaption>\n            <\/figure><\/section>\n                                <h4>\n\t\t\t\t\t\t\t\t\tEuroprogettazione\t\t                        <\/h4>\n\t\t\t\t\t\t\t\t\t\t                        <\/a>\n\t\t\t\t\t\t                        <a href=\"https:\/\/sigma.distrettoalpiorientali.it\/portal\/index.php\/osservatorio-dei-cittadini-2\/\" target=\"_self\" title=\"Osservatorio dei Cittadini (CO)\">\n\t\t\t\t\t\t\t\t\t\t\t\t\t\t                                \n        <section class=\"mt-4 mb-3 image-content italiawp2-img alignnone\">\n            <figure class=\"m-0 p-3 u-background-grey-60\">\n                <img src=\"http:\/\/sigma.distrettoalpiorientali.it\/portal\/wp-content\/uploads\/2022\/03\/CO1.png\" class=\"u-sizeFull\" alt=\"\">\n                <figcaption>\n                    <p>CO1<\/p>\n                <\/figcaption>\n            <\/figure><\/section>\n                                <h4>\n\t\t\t\t\t\t\t\t\tOsservatorio dei Cittadini (CO)\t\t                        <\/h4>\n\t\t\t\t\t\t\t\t\t\t                        <\/a>\n\t\t\t\t\t\t                        <a href=\"https:\/\/sigma.distrettoalpiorientali.it\/portal\/index.php\/piattaforma-educo-2\/\" target=\"_self\" title=\"Piattaforma EduCO\">\n\t\t\t\t\t\t\t\t\t\t\t\t\t\t                                \n        <section class=\"mt-4 mb-3 image-content italiawp2-img alignnone\">\n            <figure class=\"m-0 p-3 u-background-grey-60\">\n                <img src=\"http:\/\/sigma.distrettoalpiorientali.it\/portal\/wp-content\/uploads\/2022\/03\/edu-co.jpg\" class=\"u-sizeFull\" alt=\"\">\n                <figcaption>\n                    <p>edu-co<\/p>\n                <\/figcaption>\n            <\/figure><\/section>\n                                <h4>\n\t\t\t\t\t\t\t\t\tPiattaforma EduCO\t\t                        <\/h4>\n\t\t\t\t\t\t\t\t\t\t                        <\/a>\n\t\t\t\t        \n    \n\n\t<p><a href=\"https:\/\/sigma.distrettoalpiorientali.it\/portal\/index.php\/accessibilita\/\" target=\"_blank\" rel=\"noopener\">Dichiarazione di accessibilit\u00e0<\/a><\/p>\n\n\n\n<p><\/p>\n\n","protected":false},"excerpt":{"rendered":"<p>SIGMA Sistema Informativo per la Gestione ed il Monitoraggio delle informazioni e dei procedimenti Ambientali della Direttiva Alluvioni SIGMA Sistema Informativo per la Gestione ed il Monitoraggio delle informazioni e dei procedimenti Ambientali della Direttiva Alluvioni Novit\u00e0 Home Herolite 13 Dicembre 2024| Disponibili per il download gli ambienti Herolite Non \u00e8 pi\u00f9 necessario effettuare la richiesta di ambiente Herolite tramite il portale.<\/p>\n","protected":false},"author":1,"featured_media":0,"parent":0,"menu_order":0,"comment_status":"closed","ping_status":"closed","template":"template-page-builder.php","meta":{"footnotes":""},"tags":[],"class_list":["post-681","page","type-page","status-publish","hentry"],"_links":{"self":[{"href":"https:\/\/sigma.distrettoalpiorientali.it\/portal\/index.php\/wp-json\/wp\/v2\/pages\/681","targetHints":{"allow":["GET"]}}],"collection":[{"href":"https:\/\/sigma.distrettoalpiorientali.it\/portal\/index.php\/wp-json\/wp\/v2\/pages"}],"about":[{"href":"https:\/\/sigma.distrettoalpiorientali.it\/portal\/index.php\/wp-json\/wp\/v2\/types\/page"}],"author":[{"embeddable":true,"href":"https:\/\/sigma.distrettoalpiorientali.it\/portal\/index.php\/wp-json\/wp\/v2\/users\/1"}],"replies":[{"embeddable":true,"href":"https:\/\/sigma.distrettoalpiorientali.it\/portal\/index.php\/wp-json\/wp\/v2\/comments?post=681"}],"version-history":[{"count":11,"href":"https:\/\/sigma.distrettoalpiorientali.it\/portal\/index.php\/wp-json\/wp\/v2\/pages\/681\/revisions"}],"predecessor-version":[{"id":2017,"href":"https:\/\/sigma.distrettoalpiorientali.it\/portal\/index.php\/wp-json\/wp\/v2\/pages\/681\/revisions\/2017"}],"wp:attachment":[{"href":"https:\/\/sigma.distrettoalpiorientali.it\/portal\/index.php\/wp-json\/wp\/v2\/media?parent=681"}],"wp:term":[{"taxonomy":"post_tag","embeddable":true,"href":"https:\/\/sigma.distrettoalpiorientali.it\/portal\/index.php\/wp-json\/wp\/v2\/tags?post=681"}],"curies":[{"name":"wp","href":"https:\/\/api.w.org\/{rel}","templated":true}]}}